{"id":469,"date":"2026-01-30T17:25:14","date_gmt":"2026-01-30T17:25:14","guid":{"rendered":"https:\/\/importadorarlb.cl\/?post_type=product&#038;p=469"},"modified":"2026-01-30T17:26:13","modified_gmt":"2026-01-30T17:26:13","slug":"opticos-nino","status":"publish","type":"product","link":"https:\/\/importadorarlb.cl\/index.php\/producto\/opticos-nino\/","title":{"rendered":"OPTICOS NINO"},"content":{"rendered":"<p data-start=\"241\" data-end=\"762\">Los <strong data-start=\"242\" data-end=\"264\">\u00f3pticos marca NINO<\/strong> son <strong data-start=\"269\" data-end=\"346\">unidades de iluminaci\u00f3n delanteras completas dise\u00f1adas para camiones Ford<\/strong>, especialmente para aplicaciones de la serie <em data-start=\"392\" data-end=\"399\">Cargo<\/em> y otros modelos pesados. Estos \u00f3pticos son componentes esenciales del sistema de iluminaci\u00f3n del veh\u00edculo, encargados de proporcionar <strong data-start=\"534\" data-end=\"627\">haz de luz potente y seguro para conducci\u00f3n nocturna o en condiciones de baja visibilidad<\/strong>, adem\u00e1s de integrar funciones de faro bajo, alto y se\u00f1alizaci\u00f3n seg\u00fan dise\u00f1o espec\u00edfico.<\/p>\n","protected":false},"excerpt":{"rendered":"<p>MARCA FORD<\/p>\n","protected":false},"featured_media":445,"template":"","meta":{"site-sidebar-layout":"default","site-content-layout":"default","ast-main-header-display":"","ast-hfb-above-header-display":"","ast-hfb-mobile-header-display":"","site-post-title":"","ast-breadcrumbs-content":"","ast-featured-img":"","footer-sml-layout":"","theme-transparent-header-meta":"default","adv-header-id-meta":"","stick-header-meta":"","header-above-stick-meta":"","header-main-stick-meta":"","header-below-stick-meta":""},"product_cat":[22],"product_tag":[],"class_list":["post-469","product","type-product","status-publish","has-post-thumbnail","hentry","product_cat-electrico"],"_links":{"self":[{"href":"https:\/\/importadorarlb.cl\/index.php\/wp-json\/wp\/v2\/product\/469","targetHints":{"allow":["GET"]}}],"collection":[{"href":"https:\/\/importadorarlb.cl\/index.php\/wp-json\/wp\/v2\/product"}],"about":[{"href":"https:\/\/importadorarlb.cl\/index.php\/wp-json\/wp\/v2\/types\/product"}],"wp:featuredmedia":[{"embeddable":true,"href":"https:\/\/importadorarlb.cl\/index.php\/wp-json\/wp\/v2\/media\/445"}],"wp:attachment":[{"href":"https:\/\/importadorarlb.cl\/index.php\/wp-json\/wp\/v2\/media?parent=469"}],"wp:term":[{"taxonomy":"product_cat","embeddable":true,"href":"https:\/\/importadorarlb.cl\/index.php\/wp-json\/wp\/v2\/product_cat?post=469"},{"taxonomy":"product_tag","embeddable":true,"href":"https:\/\/importadorarlb.cl\/index.php\/wp-json\/wp\/v2\/product_tag?post=469"}],"curies":[{"name":"wp","href":"https:\/\/api.w.org\/{rel}","templated":true}]}}