{"id":468,"date":"2026-01-30T17:22:55","date_gmt":"2026-01-30T17:22:55","guid":{"rendered":"https:\/\/importadorarlb.cl\/?post_type=product&#038;p=468"},"modified":"2026-01-30T17:24:00","modified_gmt":"2026-01-30T17:24:00","slug":"amortiguador-cabina-bins","status":"publish","type":"product","link":"https:\/\/importadorarlb.cl\/index.php\/producto\/amortiguador-cabina-bins\/","title":{"rendered":"AMORTIGUADOR CABINA BINS"},"content":{"rendered":"<p data-start=\"241\" data-end=\"762\">El <strong data-start=\"252\" data-end=\"283\">amortiguador de cabina BINS<\/strong> es un <strong data-start=\"290\" data-end=\"377\">componente de suspensi\u00f3n dise\u00f1ado espec\u00edficamente para veh\u00edculos pesados y camiones<\/strong>, cuya funci\u00f3n principal es <strong data-start=\"405\" data-end=\"509\">absorber y amortiguar las vibraciones, golpes y movimientos entre la cabina y el chasis del veh\u00edculo<\/strong>. Esta pieza es clave para <strong data-start=\"536\" data-end=\"643\">mejorar el confort de conducci\u00f3n, reducir la fatiga del conductor y proteger la estructura de la cabina<\/strong> ante las irregularidades del terreno y las condiciones m\u00e1s exigentes de uso.<\/p>\n","protected":false},"excerpt":{"rendered":"<p>MARCA FORD<\/p>\n","protected":false},"featured_media":445,"template":"","meta":{"site-sidebar-layout":"default","site-content-layout":"default","ast-main-header-display":"","ast-hfb-above-header-display":"","ast-hfb-mobile-header-display":"","site-post-title":"","ast-breadcrumbs-content":"","ast-featured-img":"","footer-sml-layout":"","theme-transparent-header-meta":"default","adv-header-id-meta":"","stick-header-meta":"","header-above-stick-meta":"","header-main-stick-meta":"","header-below-stick-meta":""},"product_cat":[30],"product_tag":[],"class_list":["post-468","product","type-product","status-publish","has-post-thumbnail","hentry","product_cat-suspension"],"_links":{"self":[{"href":"https:\/\/importadorarlb.cl\/index.php\/wp-json\/wp\/v2\/product\/468","targetHints":{"allow":["GET"]}}],"collection":[{"href":"https:\/\/importadorarlb.cl\/index.php\/wp-json\/wp\/v2\/product"}],"about":[{"href":"https:\/\/importadorarlb.cl\/index.php\/wp-json\/wp\/v2\/types\/product"}],"wp:featuredmedia":[{"embeddable":true,"href":"https:\/\/importadorarlb.cl\/index.php\/wp-json\/wp\/v2\/media\/445"}],"wp:attachment":[{"href":"https:\/\/importadorarlb.cl\/index.php\/wp-json\/wp\/v2\/media?parent=468"}],"wp:term":[{"taxonomy":"product_cat","embeddable":true,"href":"https:\/\/importadorarlb.cl\/index.php\/wp-json\/wp\/v2\/product_cat?post=468"},{"taxonomy":"product_tag","embeddable":true,"href":"https:\/\/importadorarlb.cl\/index.php\/wp-json\/wp\/v2\/product_tag?post=468"}],"curies":[{"name":"wp","href":"https:\/\/api.w.org\/{rel}","templated":true}]}}